{"id":709,"date":"2025-01-21T13:46:01","date_gmt":"2025-01-21T13:46:01","guid":{"rendered":"https:\/\/verobecker.com\/?page_id=709"},"modified":"2025-01-25T13:54:16","modified_gmt":"2025-01-25T13:54:16","slug":"demeter-et-persephone","status":"publish","type":"page","link":"https:\/\/verobecker.com\/?page_id=709","title":{"rendered":"DEMETER ET PERSEPHONE"},"content":{"rendered":"\n<p class=\"has-medium-font-size\">DEMETER ET PERSEPHONE &#8211; 60x80cm &#8211; ACRYLIQUE SUR TOILE<\/p>\n\n\n\n<figure data-wp-context=\"{&quot;imageId&quot;:&quot;69e1a32a29c1a&quot;}\" data-wp-interactive=\"core\/image\" data-wp-key=\"69e1a32a29c1a\" class=\"wp-block-image size-large wp-lightbox-container\"><img loading=\"lazy\" decoding=\"async\" width=\"768\" height=\"1024\" data-wp-class--hide=\"state.isContentHidden\" data-wp-class--show=\"state.isContentVisible\" data-wp-init=\"callbacks.setButtonStyles\" data-wp-on--click=\"actions.showLightbox\" data-wp-on--load=\"callbacks.setButtonStyles\" data-wp-on-window--resize=\"callbacks.setButtonStyles\" src=\"https:\/\/verobecker.com\/wp-content\/uploads\/8a49f79f-7b45-47ba-8e45-3130b8c035a9-768x1024.jpg\" alt=\"\" class=\"wp-image-557\" srcset=\"https:\/\/verobecker.com\/wp-content\/uploads\/8a49f79f-7b45-47ba-8e45-3130b8c035a9-768x1025.jpg 768w, https:\/\/verobecker.com\/wp-content\/uploads\/8a49f79f-7b45-47ba-8e45-3130b8c035a9-225x300.jpg 225w, https:\/\/verobecker.com\/wp-content\/uploads\/8a49f79f-7b45-47ba-8e45-3130b8c035a9-1151x1536.jpg 1151w, https:\/\/verobecker.com\/wp-content\/uploads\/8a49f79f-7b45-47ba-8e45-3130b8c035a9.jpg 1535w\" sizes=\"auto, (max-width: 768px) 100vw, 768px\" \/><button\n\t\t\tclass=\"lightbox-trigger\"\n\t\t\ttype=\"button\"\n\t\t\taria-haspopup=\"dialog\"\n\t\t\taria-label=\"Agrandir\"\n\t\t\tdata-wp-init=\"callbacks.initTriggerButton\"\n\t\t\tdata-wp-on--click=\"actions.showLightbox\"\n\t\t\tdata-wp-style--right=\"state.imageButtonRight\"\n\t\t\tdata-wp-style--top=\"state.imageButtonTop\"\n\t\t>\n\t\t\t<svg xmlns=\"http:\/\/www.w3.org\/2000\/svg\" width=\"12\" height=\"12\" fill=\"none\" viewBox=\"0 0 12 12\">\n\t\t\t\t<path fill=\"#fff\" d=\"M2 0a2 2 0 0 0-2 2v2h1.5V2a.5.5 0 0 1 .5-.5h2V0H2Zm2 10.5H2a.5.5 0 0 1-.5-.5V8H0v2a2 2 0 0 0 2 2h2v-1.5ZM8 12v-1.5h2a.5.5 0 0 0 .5-.5V8H12v2a2 2 0 0 1-2 2H8Zm2-12a2 2 0 0 1 2 2v2h-1.5V2a.5.5 0 0 0-.5-.5H8V0h2Z\" \/>\n\t\t\t<\/svg>\n\t\t<\/button><\/figure>\n\n\n\n<figure class=\"wp-block-image size-large\"><img loading=\"lazy\" decoding=\"async\" width=\"768\" height=\"1024\" src=\"https:\/\/verobecker.com\/wp-content\/uploads\/699b93e7-dd74-4882-a60b-73f09b7d1607-768x1024.jpg\" alt=\"\" class=\"wp-image-706\" srcset=\"https:\/\/verobecker.com\/wp-content\/uploads\/699b93e7-dd74-4882-a60b-73f09b7d1607-768x1024.jpg 768w, https:\/\/verobecker.com\/wp-content\/uploads\/699b93e7-dd74-4882-a60b-73f09b7d1607-225x300.jpg 225w, https:\/\/verobecker.com\/wp-content\/uploads\/699b93e7-dd74-4882-a60b-73f09b7d1607-1152x1536.jpg 1152w, https:\/\/verobecker.com\/wp-content\/uploads\/699b93e7-dd74-4882-a60b-73f09b7d1607.jpg 1536w\" sizes=\"auto, (max-width: 768px) 100vw, 768px\" \/><\/figure>\n\n\n\n<figure class=\"wp-block-gallery has-nested-images columns-1 is-cropped wp-block-gallery-1 is-layout-flex wp-block-gallery-is-layout-flex\">\n<figure class=\"wp-block-image size-large\"><img loading=\"lazy\" decoding=\"async\" width=\"768\" height=\"1024\" data-id=\"707\" src=\"https:\/\/verobecker.com\/wp-content\/uploads\/432f611a-d12e-4f13-b72d-8ebcad1434fc-768x1024.jpg\" alt=\"\" class=\"wp-image-707\" srcset=\"https:\/\/verobecker.com\/wp-content\/uploads\/432f611a-d12e-4f13-b72d-8ebcad1434fc-768x1024.jpg 768w, https:\/\/verobecker.com\/wp-content\/uploads\/432f611a-d12e-4f13-b72d-8ebcad1434fc-225x300.jpg 225w, https:\/\/verobecker.com\/wp-content\/uploads\/432f611a-d12e-4f13-b72d-8ebcad1434fc-1152x1536.jpg 1152w, https:\/\/verobecker.com\/wp-content\/uploads\/432f611a-d12e-4f13-b72d-8ebcad1434fc.jpg 1536w\" sizes=\"auto, (max-width: 768px) 100vw, 768px\" \/><\/figure>\n\n\n\n<figure class=\"wp-block-image size-large\"><img loading=\"lazy\" decoding=\"async\" width=\"768\" height=\"1024\" data-id=\"705\" src=\"https:\/\/verobecker.com\/wp-content\/uploads\/ceb49bb7-a8cd-423f-a625-0da8c13147e0-768x1024.jpg\" alt=\"\" class=\"wp-image-705\" srcset=\"https:\/\/verobecker.com\/wp-content\/uploads\/ceb49bb7-a8cd-423f-a625-0da8c13147e0-768x1024.jpg 768w, https:\/\/verobecker.com\/wp-content\/uploads\/ceb49bb7-a8cd-423f-a625-0da8c13147e0-225x300.jpg 225w, https:\/\/verobecker.com\/wp-content\/uploads\/ceb49bb7-a8cd-423f-a625-0da8c13147e0-1152x1536.jpg 1152w, https:\/\/verobecker.com\/wp-content\/uploads\/ceb49bb7-a8cd-423f-a625-0da8c13147e0.jpg 1536w\" sizes=\"auto, (max-width: 768px) 100vw, 768px\" \/><\/figure>\n\n\n\n<figure class=\"wp-block-image size-large\"><img loading=\"lazy\" decoding=\"async\" width=\"768\" height=\"1024\" data-id=\"706\" src=\"https:\/\/verobecker.com\/wp-content\/uploads\/699b93e7-dd74-4882-a60b-73f09b7d1607-768x1024.jpg\" alt=\"\" class=\"wp-image-706\" srcset=\"https:\/\/verobecker.com\/wp-content\/uploads\/699b93e7-dd74-4882-a60b-73f09b7d1607-768x1024.jpg 768w, https:\/\/verobecker.com\/wp-content\/uploads\/699b93e7-dd74-4882-a60b-73f09b7d1607-225x300.jpg 225w, https:\/\/verobecker.com\/wp-content\/uploads\/699b93e7-dd74-4882-a60b-73f09b7d1607-1152x1536.jpg 1152w, https:\/\/verobecker.com\/wp-content\/uploads\/699b93e7-dd74-4882-a60b-73f09b7d1607.jpg 1536w\" sizes=\"auto, (max-width: 768px) 100vw, 768px\" \/><\/figure>\n<\/figure>\n\n\n\n<p>Le tableau montre une femme au regard expressif, marquant une certaine intensit\u00e9 et une souffrance \u00e9motionnelle. Elle est v\u00eatue d&rsquo;un tissu en dentelle et d&rsquo;un voile qui ajoutent une touche de tradition, de solennit\u00e9. Son bras droit est lev\u00e9, dans un geste qui symbolise une demande d&rsquo;aide, une protestation ou une invocation. Dans ses bras, elle porte un enfant, nu mais partiellement drap\u00e9 dans un tissu blanc, dont la posture et l&rsquo;expression semblent paisibles ou attentives, en contraste avec l&rsquo;\u00e9motion visible de la femme. La composition met en avant une maternit\u00e9 troubl\u00e9e ou sacr\u00e9e, renforc\u00e9e par le jeu des ombres et des textures, qui cr\u00e9e une atmosph\u00e8re dramatique. Ce tableau \u00e9voque des th\u00e8mes puissants comme la lutte, la protection maternelle, une qu\u00eate de justice, de salut dans un contexte oppressant.<\/p>\n\n\n\n<p><\/p>\n\n\n\n<p>Dans le climat de notre soci\u00e9t\u00e9 actuelle, ce tableau symbolise la lutte des femmes pour prot\u00e9ger leurs enfants face \u00e0 des d\u00e9fis complexes et parfois \u00e9crasants. La femme, avec son bras lev\u00e9, pourrait repr\u00e9senter une m\u00e8re courage, une figure de r\u00e9sistance, d\u00e9non\u00e7ant les injustices ou les menaces pesant sur les g\u00e9n\u00e9rations futures. Son expression de d\u00e9tresse et de force traduit un combat int\u00e9rieur ou ext\u00e9rieur, face \u00e0 une soci\u00e9t\u00e9 qui impose des pressions sociales, \u00e9conomiques ou culturelles. L\u2019enfant, innocent et vuln\u00e9rable, repr\u00e9sentant l\u2019espoir et l\u2019avenir, que la m\u00e8re prot\u00e8ge avec d\u00e9termination, mais aussi un poids qu\u2019elle porte, dans un monde o\u00f9 les responsabilit\u00e9s parentales sont souvent lourdes et pleines d&rsquo;incertitudes. <\/p>\n\n\n\n<p>Le contraste entre la s\u00e9r\u00e9nit\u00e9 de l\u2019enfant et la souffrance de la femme refl\u00e8te les sacrifices silencieux des parents, en particulier des m\u00e8res, dans un environnement parfois hostile. Cela pourrait \u00e9galement faire \u00e9cho aux luttes f\u00e9ministes modernes, o\u00f9 les femmes revendiquent non seulement des droits pour elles-m\u00eames, mais aussi pour assurer un avenir meilleur \u00e0 leurs enfants, tout en naviguant dans un monde marqu\u00e9 par les in\u00e9galit\u00e9s, les conflits et la surcharge \u00e9motionnelle.<\/p>\n","protected":false},"excerpt":{"rendered":"<p>DEMETER ET PERSEPHONE &#8211; 60x80cm &#8211; ACRYLIQUE SUR TOILE Le tableau montre une femme au regard expressif, marquant une certaine intensit\u00e9 et une souffrance \u00e9motionnelle. Elle est v\u00eatue d&rsquo;un tissu en dentelle et d&rsquo;un voile qui ajoutent une touche de tradition, de solennit\u00e9. Son bras droit est lev\u00e9, dans un geste qui symbolise une demande [&hellip;]<\/p>\n","protected":false},"author":1,"featured_media":0,"parent":0,"menu_order":0,"comment_status":"closed","ping_status":"closed","template":"","meta":{"om_disable_all_campaigns":false,"_monsterinsights_skip_tracking":false,"_monsterinsights_sitenote_active":false,"_monsterinsights_sitenote_note":"","_monsterinsights_sitenote_category":0,"footnotes":""},"class_list":["post-709","page","type-page","status-publish","hentry"],"aioseo_notices":[],"_links":{"self":[{"href":"https:\/\/verobecker.com\/index.php?rest_route=\/wp\/v2\/pages\/709","targetHints":{"allow":["GET"]}}],"collection":[{"href":"https:\/\/verobecker.com\/index.php?rest_route=\/wp\/v2\/pages"}],"about":[{"href":"https:\/\/verobecker.com\/index.php?rest_route=\/wp\/v2\/types\/page"}],"author":[{"embeddable":true,"href":"https:\/\/verobecker.com\/index.php?rest_route=\/wp\/v2\/users\/1"}],"replies":[{"embeddable":true,"href":"https:\/\/verobecker.com\/index.php?rest_route=%2Fwp%2Fv2%2Fcomments&post=709"}],"version-history":[{"count":6,"href":"https:\/\/verobecker.com\/index.php?rest_route=\/wp\/v2\/pages\/709\/revisions"}],"predecessor-version":[{"id":994,"href":"https:\/\/verobecker.com\/index.php?rest_route=\/wp\/v2\/pages\/709\/revisions\/994"}],"wp:attachment":[{"href":"https:\/\/verobecker.com\/index.php?rest_route=%2Fwp%2Fv2%2Fmedia&parent=709"}],"curies":[{"name":"wp","href":"https:\/\/api.w.org\/{rel}","templated":true}]}}